osite number?
True
Let z be (-68 + -4)/4 + -3. Let w = 25 + z. Suppose a - w*o = 1219, 2*a + 744 = 4*o + 3182. Is a a prime number?
False
Suppose -47043 - 316094 = 17*i. Is i/(-3) - ((-16)/(-6))/(-4) a composite number?
False
Is 9 + 9 - 20 - (-673466)/2 a prime number?
False
Let g = -248 + 422. Let s = -227 - g. Let k = s + 586. Is k composite?
True
Let m = 337 - 337. Suppose m = -35*k + 4*k + 149761. Is k a composite number?
False
Suppose -515*j + 517*j = 0. Let w be 1/5 + (-9964)/(-5). Suppose 5*x - 4 = 4*x, s + 5*x - w = j. Is s composite?
False
Suppose 9*q + 7235781 = 58*q. Is q a composite number?
True
Suppose 5*h = -10*n + 155000, 5*h + 20911 - 5378 = n. Is n a prime number?
False
Suppose -1 - 5 = 2*h - 2*w, 5*w - 27 = -h. Suppose -5*j + 6 = 2*m - 10*j, -h*m - 3*j = 26. Let x(a) = -3*a**3 - 7*a**2 - 3*a - 18. Is x(m) prime?
False
Let i = -284 - -284. Suppose -c + i*g + 3554 = -g, 0 = -g. Is c a composite number?
True
Suppose 9*f = 20550 - 732. Let t = 5311 - f. Is t composite?
False
Is (5 + (1 - 7))/(27518/9173 + -3) a composite number?
False
Suppose 0*d - 8*d = -16. Suppose -c + d*u + 1043 = 0, 5*u = 5*c - 1601 - 3614. Is c prime?
False
Let l(c) = 2475*c + 4384. Is l(5) a prime number?
True
Let n be (20504/14)/((-73)/(-511)). Suppose -5*p - 3*v + n = 0, -v - 12283 + 2027 = -5*p. Is p a composite number?
True
Let v = -8 + 2. Let w(x) = -29*x**3 - 9*x**2 - 14*x - 17. Is w(v) a prime number?
True
Let t(w) = -832*w - 209. Suppose -3*n - 6 = -0, 4*n + 143 = -5*g. Is t(g) a composite number?
True
Let z = 69292 + -19571. Is z composite?
True
Suppose -3*a - 1878181 = -r, 2*r - 2562550 - 1193812 = -5*a. Is r composite?
False
Suppose -2*x - 9 = -21. Is 6 - x - (0 - 0 - 2707) a composite number?
False
Let s = 129215 - -26344. Is s composite?
True
Let j(q) = 70049*q**2 + 305*q - 1233. Is j(4) a composite number?
False
Is -2*(270/315 - (-64718)/(-28)) a prime number?
True
Suppose 2*n - 120 = 3*j, -5*j + 218 = 5*n - 2*n. Suppose 4 - 3 = -i, -4*i + n = 2*y. Is y prime?
False
Let n(z) = -4*z**2 - 10*z - 2. Let l be n(-2). Suppose 3*o + 0*m - 73211 = -2*m, 2*o - 48824 = l*m. Is o a prime number?
True
Let d(o) = -167*o - 664. Let g be d(-7). Suppose 1 = -z - k - 0*k, 0 = 5*z + 4*k. Suppose -c - z*x + g = 0, -2*x - 1057 = -3*c + 402. Is c a composite number?
True
Let r(v) = 5*v**3 - 2*v**2 + 8*v - 7. Let g be r(1). Suppose -3071 = -4*h + l + 748, 0 = -3*h - g*l + 2869. Is h a composite number?
True
Suppose v + 2*z = 4*v - 811, 0 = v + 5*z - 293. Suppose 159 = 8*l - v. Is (-36)/l - 358/(-6) composite?
False
Suppose 0 = 2344*l - 2334*l - 381890. Is l a composite number?
False
Let u(x) = 1952700*x**2 - 108*x - 1. Is u(1) composite?
False
Suppose -5*i - 34 = -744. Let k = i - 9. Is k a prime number?
False
Suppose -35 = -395*h + 388*h. Suppose -3*w = -h*i + 10397, w - 6 + 10 = 0. Is i composite?
True
Is 3 + 5/(5/22898) composite?
False
Is (-5)/((6 - (-325194)/(-54198))*3) prime?
False
Let j = -232 - -3531. Is j composite?
False
Let k(r) = 52*r**3 + 22*r**2 - 20*r - 115. Is k(19) a composite number?
True
Let i(y) = y**3 + 20*y**2 + 19*y + 6. Let f be i(-19). Suppose 3*d = -4*m + 776, -f*m - 2*d + 772 = -2*m. Is m prime?
True
Suppose -5*s = 5*f - 85, 5*f = 3*f - 5*s + 43. Let o(i) = 28*i**2 + 22*i + 127. Is o(f) composite?
False
Is ((-22259915)/(-35) + (-24)/(-56))/2 a prime number?
False
Suppose 0 = 8*n + 10453 + 3987. Let o = n - -4282. Is o a prime number?
True
Let r be (-2568)/(-120) + 4/(-10). Suppose -r*o - 6326 + 64433 = 0. Is o a prime number?
True
Let v(h) = -4*h**3 - 9*h**2 - 27*h - 3. Is v(-31) composite?
True
Let p = 25 + -27. Is 26/(-39)*(11333/(-2) + p) prime?
True
Let g be (-11)/3 + (-1)/3. Is (-39132)/27*3/g a prime number?
True
Suppose 5368 + 1980 = 4*v. Suppose -1209 = -x + v. Is x prime?
False
Is (-240)/(-56) + -4 + (-589755)/(-7) prime?
False
Let g(n) = 1543*n**3 - 14*n**2 - 8*n - 26. Let c(v) = 771*v**3 - 7*v**2 - 5*v - 13. Let r(w) = -7*c(w) + 3*g(w). Is r(-2) composite?
False
Suppose 2 = 2*o - 8. Let u be (-34996)/(-130) - 1/o. Is 2 + (-12)/(-6) - -6*u composite?
True
Let b(n) = -351284*n + 8123. Is b(-6) prime?
False
Is ((-1114602)/(-15))/(7/((-210)/(-12))) a prime number?
True
Suppose 26665 = 4*c + 19*i - 16*i, -6*i = c - 6661. Is c a composite number?
True
Suppose 105 = 47*r - 32*r. Is (32*5488)/r - 1 a prime number?
True
Suppose 0 = 2*a - 8565 - 35949. Let i = a + -6686. Is i composite?
True
Let x be (-9)/(-24) + 13044/32. Let i = 137 - x. Let f = i + 386. Is f composite?
True
Let j be (0 - -2)*(-4936)/(-4). Suppose -j - 352 = 4*k. Let u = 1396 + k. Is u a composite number?
False
Let u(i) = 11*i - 5*i + 8 + 11 - 5*i. Is u(12) a prime number?
True
Let g be (-56)/4 + 4 + 2*1. Is 3 + g + 1473 - -5 composite?
True
Let j = -67440 + 116186. Suppose 4336 = -2*k + j. Is k composite?
True
Let h(d) = -15*d - 41. Let c(r) = -r**3 + 13*r**2 - 22*r - 4. Let q be c(11). Let j be h(q). Suppose 7*l = j*l - 7692. Is l a prime number?
True
Let w = 4234 + 843. Is w prime?
True
Let g be (18/15)/(12/40). Suppose 2*x = -5*r + 12269, -7*r - g*x = -5*r - 4914. Is r composite?
True
Let b(i) = 2*i**2 - 51*i - 88. Let y be b(27). Let d(s) = 9*s**2 - 13*s - 53. Is d(y) a composite number?
False
Let s(c) = -140*c - 91. Let k(g) = -g**3 - 9*g**2 - 12*g - 4. Let b be k(-7). Is s(b) composite?
True
Suppose -15*l = -25*l + 50. Suppose -l*j - 2517 + 12022 = 0. Is j a prime number?
True
Suppose -3*s + 2*a = -18 - 94, s - 35 = 3*a. Suppose -5*h = -22 - s. Let t(n) = n**3 - 11*n**2 - n - 11. Is t(h) prime?
False
Let d(o) = 1118*o**2 + o + 2. Let p(a) = 14*a + 13. Let i be p(-1). Is d(i) a prime number?
False
Suppose 2*d = -3*x + 1, -5*d + 13 = -2*x + 1. Suppose -d = -2*m + 4. Suppose -o + m*o + 5509 = 3*h, 3680 = 2*h - 5*o. Is h a prime number?
False
Is 600520/20*(-7)/(-2) a composite number?
True
Suppose 0 = 27*g + 10*g - 308280 - 15334691. Is g composite?
True
Let s(y) = 8*y - 83. Let d be s(14). Suppose 0 = -5*p - 4*l - 6 - 0, 1 = p + 3*l. Let w = d - p. Is w a prime number?
True
Suppose 0 = -0*d - d + 44418. Suppose 9*r = 3*r + d. Suppose -2*m = 3*v - 5547, -m = 4*v + 4*m - r. Is v prime?
True
Let b(n) = 3*n**3 - n**2 + n - 1. Let l(i) = 2*i**2 - i - 2. Let p be l(-1). Let f be b(p). Is -1*9/6 + 385/f prime?
True
Let k(i) = -57 - 15 + 5 - 75*i. Is k(-30) composite?
True
Suppose 12 = 57*j - 45*j. Let b(g) be the second derivative of 215*g**3 - 5*g**2/2 - g. Is b(j) prime?
False
Let b(j) = 43*j**3 - 6*j**2 - j + 9. Let i be b(-4). Let v = -1780 - i. Is v prime?
False
Let v be (-20)/14*(-49)/(-28)*-4. Let o(i) = 1246*i - 147. Is o(v) composite?
True
Let d = 708641 + -484290. Is d a prime number?
True
Let s = -197743 + 398058. Is s composite?
True
Let x be (6 - 3)/(1 + (-44)/32). Let b be x/(-12) + 4/(-6). Suppose 2*h + 5*g - 3123 = b, -5*g + 3804 = 5*h - 4041. Is h a prime number?
False
Suppose 0 = -b - 24 + 62. Let u(l) = b - 39*l - 31 - 80*l. Is u(-8) composite?
True
Suppose 2*i + 31654 = 3*l - 14783, -15479 = -l + 2*i. Is l prime?
False
Suppose 0 = -2*m - 4*m - 30. Let j(s) = 301*s + 2. Let d be j(m). Let q = 2182 + d. Is q a prime number?
False
Let f = -1563 + 851. Let x = f + 2385. Is x composite?
True
Let k be (-94*(-2)/(-1))/((-4)/56). Let w = -1639 + k. Is w a prime number?
False
Suppose 0 = -y + 4*y - 4*s - 179, 3*s + 121 = 2*y. Suppose -3*x = -y - 28. Suppose 23*t + 740 = x*t. Is t composite?
True
Let w = 31595 - 15346. Is w a prime number?
True
Suppose 0 = 4*l + a + 2*a - 9, 2 = -2*a. Suppose 3376 = l*g + 13*g. Is g a composite number?
False
Suppose 2*m = -m - 3*c + 213, m = 5*c + 65. Let f = m - 67. Suppose 2*z - 7434 + 148 = b, -2*b + 10915 = f*z. Is z prime?
False
Suppose -149540 = -15*r + 12*r - 17*r. Is r a composite number?
False
Let v(q) = -q**3 - q**2 + q - 18. Let s be v(-4). Suppose -16*x - 20530 = -s*x. Is x composite?
False
Let p(q) = 4547*q**2 - 6*q + 20. Let t be p(-7). Suppose -5*w + 3*r + 222857 = 0, -t = -5*w + 62*r - 57*r. Is w composite?
True
Let b be (-18)/45 + (3 - (-39)/(-15)). Is (-1 + b/1)*(-581)/7 a prime number?
True
Suppose 31*z - 7*z + 157104 = 0. Let k = z - -12755. Is k a prime number?
False
Let y = 87 - -46. Suppose 3*l - 5*p - 180 = 0, -10*p + 11*p = -2*l + y. Is l a composite number?
True
Let g = 4721 + -389. Suppose 0 = m